 - 10*u - 3*u. Calculate x(-1).
13
Let q(s) be the second derivative of 2*s**3/3 - 6*s**2 - 6*s - 61. What is q(5)?
8
Let r(x) = x**2 - 3*x - 1 + 5 + x - 2. Let p = 73 + -76. Calculate r(p).
17
Let p = -122 - -127. Let a(z) = z**3 - 6*z**2 + 5*z - 1. Calculate a(p).
-1
Let p(t) = 2*t**2 + 4*t**2 + 16 - 5*t**3 - 5 + 11*t**3 - 7*t**3. Calculate p(6).
11
Let n(k) = -716 - 710 + 1426 - k**2. Calculate n(2).
-4
Suppose -i - i - 6 = -4*b, 0 = -4*i + 3*b + 3. Let g(d) = -2 + d + i - 3 + 9. Calculate g(-7).
0
Suppose 0 = -2*p + 7*p + 25, 0 = -s - 3*p - 29. Let x = 18 + s. Let q(l) = 2*l**3 - 5 - l**3 - 2*l + l - 3*l**2. Give q(x).
7
Let b be (1 - -3) + 1*-3 + 2. Let t(f) be the first derivative of f**3/3 - 2*f**2 - f - 2. What is t(b)?
-4
Suppose -3*s + 28 = -g - 5*s, 5*s = -20. Suppose 4*o = -o - 75. Let f = g - o. Let q(j) = j**2 + 4*j + 2. Determine q(f).
7
Let f be 8/(-6)*(29 - 26). Let z = 3 + f. Let g(k) = 3*k + 1. Give g(z).
-2
Let u(a) = 13*a**3 - 2*a**2 + 73*a. Let f(d) = -7*d**3 + d**2 - 37*d. Let l(t) = -11*f(t) - 6*u(t). Let o(p) be the second derivative of l(p). Calculate o(-2).
14
Let r = -36 + 42. Suppose -4*n - 10 = r, -2*w - 2*n = 20. Let t(h) = h**2 + 6*h - 2. Give t(w).
-2
Let i(t) = -t**3 + 1. Let m(h) = -h**3 + 17*h**2 - 21*h + 22. Let u be m(16). Let l = u + 57. Give i(l).
2
Let s be (0 + (9 - 12))/1. Let l(q) = -2*q**2 - 3*q + 1. Give l(s).
-8
Let q(v) = 5*v**3 - v**2 - 2*v + 2. Suppose 1 = 5*h + g, 0*g + 4*g + 14 = -2*h. Calculate q(h).
4
Let p(s) = -s**3 - 7*s**2 + 7*s + 10. Let w be p(-8). Let h = w - 15. Suppose -h*i - 10 = -8*i. Let g(a) = -a**3 + 3*a**2 - 2*a + 2. Calculate g(i).
2
Let k(u) be the second derivative of -u**6/120 - u**5/60 - u**4/24 - u**3/3 + 14*u**2 + u. Let a(f) be the first derivative of k(f). Calculate a(-2).
4
Let w(c) = -c**3 - 6*c**2 - 4*c - 8. Let i be w(-6). Let d = i - 13. Let f(g) = -d + g - g**2 + 7*g - 3*g. Determine f(5).
-3
Let i(c) be the second derivative of c**5/20 + c**4/3 - 5*c**2/2 - 3*c - 12. What is i(-3)?
4
Let c(a) be the first derivative of -9*a + 8/3*a**3 + 24 - 1/4*a**4 - 3*a**2. Give c(7).
-2
Let j(m) = m**3 + m**2 + 4. Let a = -145 + 75. Let i be a/22 + (-62)/(-341). Calculate j(i).
-14
Let m(v) be the third derivative of -v**5/30 + v**4/24 + 17*v**2. Let s be 15/5*(-4)/6. Give m(s).
-10
Let p(y) be the first derivative of 3*y**4/4 + y**3/3 + y**2 + y + 130. Let q(s) = -s**2. Let u be q(-1). Calculate p(u).
-3
Let h(w) = -10*w + 2. Let x(l) = l. Let t(n) = -2*h(n) - 18*x(n). Suppose 12*y - 6 = -f + 10*y, 18 = 5*f - 2*y. What is t(f)?
4
Let f be 2/4 - 7/2. Let x be 8/6*(-4 + 7). Let t(k) = -3*k - 4*k**2 + 3*k + 2*k**2 - x*k. What is t(f)?
-6
Let o(q) = -q**3 + 6*q**2 - 32*q + 134. Let p be o(5). Let j(u) = -30*u**3 + u. Calculate j(p).
29
Suppose -6*z + 13*z = 161. Suppose 0 = g - 4*i + z, i = g - 2*i + 18. Let v(j) = 2*j + 2. Determine v(g).
-4
Let o be -2*(-1)/2*29. Suppose 2*r + k = o, 3*r + r - 49 = -5*k. Let b(h) = 42*h + 1 - 24*h - r*h. What is b(1)?
3
Let v(p) = 2*p**3 + 0*p**3 + 6 - 3*p**3 - 4*p**2 - 8*p**2. Let t(u) = u**2 + u - 1. Let x be -1 - (2 - 0) - -2. Let o(b) = x*v(b) - 6*t(b). What is o(-7)?
-7
Let x(s) = 2 + 2*s**2 - 1 - 5 + 5*s - 2*s. Let o be x(-3). Suppose -o*d = 5*p - 25, 5*d - 8 - 11 = -4*p. Let z(w) = -w**3 + 5*w**2 + 7*w - 8. Determine z(p).
-2
Let p(m) = m**2 - 3*m + 2. Let y(r) = r**2 - 19*r - 39. Let s be y(21). Give p(s).
2
Let y(x) = -3 - 2 - 1 + 5 - 8*x + 0. Suppose 0 = -2*c - 2. Determine y(c).
7
Let w(x) = 20*x + 41. Let h(s) = 11*s + 21. Let c(m) = 7*h(m) - 4*w(m). What is c(-8)?
7
Suppose 5*c = 6*c + 12. Let u be -2 + (4 - (c/3 - 1)). Let z(o) = -o**2 + 8*o + 8. Determine z(u).
15
Let a(u) = -u**3 + 11*u**2 - 17*u - 11. Let h be a(9). Let d(t) = -t**3 + 3*t**2 + 3*t. Determine d(h).
14
Let y(x) = -1. Let n(v) be the first derivative of 6*v**2 + 8*v - 4. Let z(l) = -n(l) - y(l). Let h(o) = -4*o - 2. Let u(r) = -7*h(r) + 2*z(r). Determine u(-2).
-8
Let g(p) = p**2 - 2*p. Suppose -3*v + 684 = -3*o - 2*o, -v + 4*o + 235 = 0. Let k = -159 + v. Let h be (-8)/14 + k/14. Calculate g(h).
8
Let k(o) = -6*o**2 - 1. Let i(j) = -33*j - 100. Let l be i(-3). Determine k(l).
-7
Let m(y) = y**2 + 5*y - 6. Let z(w) = w**2 - 2*w - 2. Let a be z(-2). Let s(v) = -v + 3. Let c be s(a). Let l = -3 + c. Give m(l).
0
Let w(j) = -10*j**2 + j - 1. Let y(p) = -20*p**2 + 2*p - 3. Suppose 8*g - 33 = 7. Let s(x) = g*w(x) - 2*y(x). Determine s(-1).
-10
Let z(o) = 13 - 26*o + 12*o + 21*o + o**2 + 0. Determine z(-9).
31
Let i(a) = 5*a**2 + a. Let m(v) be the first derivative of -v**4/4 + 2*v**3/3 - v**2/2 + v - 15. Let o be m(0). What is i(o)?
6
Let q(u) = 8 - 10 - u**3 + 1. Let s(y) = -5*y**3 + 6*y**2 + y - 11. Let j(t) = -6*q(t) + s(t). Give j(-6).
-11
Suppose -l + 3*k - 2 = -9, -2*l = -4*k - 10. Suppose 2*z + 4*r - 7 = r, -r = l. Suppose i = -z, -i = -5*c - 8 - 17. Let a(b) = -b**2 - 6*b - 9. Calculate a(c).
-9
Suppose 2*x - x + 5*n - 21 = 0, 2*n + 18 = 4*x. Let g(o) be the second derivative of -o**3/3 + 9*o**2/2 + o - 2. Give g(x).
-3
Let z(r) be the first derivative of -r**3/3 - 3*r**2 - 7*r + 459. Give z(-5).
-2
Let g(d) = -2*d**2 - 11*d + 6. Let i be (-16)/(-12)*4/(24/(-27)). Calculate g(i).
0
Suppose -50*j - k + 5 = -55*j, -j = -2*k - 8. Let f(d) be the third derivative of -d**6/120 - d**5/30 - d**3/3 - 5*d**2. What is f(j)?
-2
Let w(p) = -2*p**2 + 4*p - 1. Let s be 8/6*-3 + 1. Calculate w(s).
-31
Let j(u) be the second derivative of -u**5/20 - 7*u**4/12 + 3*u**3/2 + 3*u**2 + 341*u. Give j(-8).
-2
Suppose -16 = -v - 4*n, -5*v + 24*n + 55 = 19*n. Let u(j) = j**2 - 11*j - 4. Give u(v).
8
Let h(a) = 17*a - 3 + 5 + 0. What is h(-2)?
-32
Let b(d) = -3*d - 9. Suppose 11*k - 9*k = -6. Let t be b(k). Let g(n) = n**2 + n + 8. Calculate g(t).
8
Let v(h) = -40*h - h**3 + 8*h**2 + 77*h - 43*h - 3*h**2. Give v(4).
-8
Let f(i) be the first derivative of i**4/4 - 14*i**3/3 - 8*i**2 + 6*i - 574. Give f(15).
-9
Suppose 0 = -4*p - 6 - 2. Let b be p/(-1*(-4)/32). Let s be b/6*(-6)/(-4). Let h(k) = -k**3 - 4*k**2 - 1. Give h(s).
-1
Let u(s) be the first derivative of s**3/6 + 15*s + 14. Let q(h) be the first derivative of u(h). What is q(2)?
2
Let o(h) = -303 - 2*h**2 + 305 - 4*h + 2*h. Determine o(-4).
-22
Let u(y) be the second derivative of 4*y**2 - 1/12*y**4 - 11*y + 0 - 7/6*y**3. What is u(-8)?
0
Let i(m) = m**3 - 5*m**2 + 5*m - 2. Suppose -3*g - 2*k = k - 15, -3*g - k + 5 = 0. Suppose -12 + g = -4*d. Suppose 3*o = -t + 5, 8*o + d*t = 4*o. Give i(o).
-5
Let g(o) be the first derivative of o**3/3 - o**2 - 16*o - 500. Determine g(0).
-16
Suppose 5*m + 5*u = 40, -6*m + 8*m - 8 = -4*u. Suppose m*s - 13*s = -2. Let y(w) = -5*w. Determine y(s).
-10
Let k(a) be the third derivative of a**5/30 + 3*a**4/8 + a**3/2 + 447*a**2. What is k(-4)?
-1
Let b(m) = -9*m**2 - 7*m - 10. Let f be ((1 + 0)*1)/((-1)/3). Let v(j) = 4*j**2 + 4*j + 5. Let r(h) = f*b(h) - 7*v(h). What is r(-5)?
5
Let b(m) = m**3 + 4*m**2 - 4*m - 2. Let f = 27 - 39. Let j be 2*-1 + 9 + f. Calculate b(j).
-7
Let c = 32 + -28. Suppose 0 = -n - c*v + 18, -4*v + 2*v + 18 = 2*n. Let f(z) = 2*z - 5. Give f(n).
7
Let w(n) be the second derivative of n**5/5 + n**3/6 - n**2 + n + 141. Give w(1).
3
Suppose 25 - 43 = -6*o. Let r(f) = -2*f**3 + 6*f - f - 5 - 5*f**2 + 3*f**3 - o*f. Determine r(5).
5
Let d(r) be the third derivative of -r**4/24 - 7*r**2 - 3*r. Let j(y) = -y**2 + 25*y - 41. Let i be j(23). Give d(i).
-5
Let s = 15 - 36. Let i = s + 17. Let m(o) be the third derivative of o**6/120 + o**5/12 + o**4/12 + o**3/3 + 2*o**2. Calculate m(i).
10
Let p = 9 + -9. Let q(l) = -l**3 - l**2 + l + 4. Calculate q(p).
4
Let o(b) be the third derivative of b**6/120 + 3*b**5/20 + 11*b**3/6 - 120*b**2. Determine o(-9).
11
Let c(i) = -3*i**3 - i**2 - i - 1. Let j(x) = 14*x**3 + 11*x**2 + 7*x + 34. Let h(f) = 5*c(f) + j(f). Determine h(7).
-6
Let u(k) = 2 - 8*k**2 - 2*k + k**3 - 11*k**2 + 15*k**2. Determine u(5).
17
Let h(a) be the second derivative of a**5/60 + a**3/6 - a**2/2 - 17*a. Let j(y) be the first derivative of h(y). Give j(1).
2
Let q(n) = 2*n - 4. Let z be (-4)/(-12)*-3 - -3. Let b be z - 0 - (-2 + 1). Give q(b).
2
Let z be (-30)/(-4)*(0 - (-8)/(-6)). Let g(f) = f**2 + 12*f + 17. Determine g(z).
-3
Let j = 3385 + -3392. Let c(s) = -